e -6 + 16 + -2 - 7.
1
(7 - (3 - -2)) + 0 - 9
-7
What is the value of (7 + -3 - 14) + 7?
-3
Calculate 2 + -3 + 3 + (0 - -1).
3
(-3 - (-7 + 4 - -3)) + -1
-4
Calculate 4 + -1 - 2 - 1.
0
Evaluate -1 - (-6 - 1) - (7 + -5).
4
Evaluate -8 + (17 - 9 - (0 - -3)).
-3
4 + (4 - ((10 - 2) + 0))
0
Evaluate (-2 - -4) + -3 + -1 + 4.
2
Evaluate (-13 - (3 - 8)) + 10.
2
Evaluate -2 + -1 + 2 + (5 - 4).
0
-4 + 1 + (-4 - -4)
-3
What is (-2 - (2 + -2)) + 4 + -3?
-1
-3 - 3 - (3 - 10)
1
Calculate -7 + (0 + 0 - -2).
-5
What is the value of -5 - (3 - 0) - (2 + -6)?
-4
What is the value of 6 - (0 + 12 + 4 - 3)?
-7
What is 7 + (3 - (2 + 4 + 0))?
4
Calculate (-10 - -10) + -6 + (-3 - -7).
-2
Calculate (-3 - -5) + 1 + -4.
-1
What is 2 + -1 - (1 + 4)?
-4
Evaluate 2 - 2 - (-1 + (-4 - 0)).
5
What is the value of 3 + (-4 - (1 + -4 - -1))?
1
3 + (1 - 5) + 0 + 0
-1
Calculate (-1 - 16) + -17 + 27.
-7
-1 + 0 + 1 - (37 - 38)
1
What is (5 - 0) + (20 - 14) + -11?
0
3 - (0 - (-4 - (-3 - 0)))
2
What is the value of 8 - (6 + -5 - -4)?
3
What is the value of -1 - 1 - (5 + (-3 - -1))?
-5
Evaluate 4 + -6 + 4 + -1.
1
1 - (3 - 2) - (1 - -1)
-2
What is the value of 6 + (6 - (8 + 1))?
3
-2 + -1 - (-19 + 17)
-1
What is the value of -12 - (8 + -18 - -1)?
-3
What is the value of -6 - (-1 + 2 - 4) - 0?
-3
Evaluate (-33 + 26 - (0 - 6)) + 2.
1
(-1 - -7) + 1 - (3 - 1)
5
What is the value of 6 - (6 - (0 + -3 + 10))?
7
Evaluate (-3 - 1) + 0 + 11.
7
Calculate 1 + (-16 - -11) + -1 + 0.
-5
What is 1 + -1 + 6 + -9?
-3
What is the value of -2 + -1 + 3 + 3 - 1?
2
What is the value of -10 - -6 - (-4 + -1)?
1
5 + -7 + 1 + (10 - 9)
0
Calculate -2 + ((-2 - -1) + 3 - -1).
1
Calculate -3 + (1 - (-5 + 4 + -6)).
5
Calculate 3 - (-1 - (3 - (-4 - -10))).
1
Evaluate 7 + -2 - (9 - 2).
-2
Calculate 6 - (8 - 5) - -5.
8
Evaluate -2 - -1 - (2 - (5 - 4)).
-2
What is the value of 11 - 12 - (2 + (1 - 1))?
-3
Calculate (-25 - -16) + 2 + 1.
-6
What is -9 - (-5 + -1) - -2?
-1
What is the value of -10 - 2 - (-1 + (-2 - 0))?
-9
Calculate 0 - (1 + 3 - (-2 - -1)).
-5
Evaluate -5 + (12 + -8 - (-1 + 1)).
-1
What is 36 - 34 - (2 - -5)?
-5
Evaluate -4 - (-8 + 0 + (-3 - 1)).
8
-3 - 4 - -6 - -6
5
Calculate (-73 - -76) + (1 - 1 - 1).
2
What is 1 + 5 - (12 + 5 + -14)?
3
Evaluate (4 - (4 + (2 - 2))) + 1.
1
-6 - -1 - -11 - 6
0
Calculate 21 + -19 + 11 - 12.
1
16 - 21 - (0 + (-3 - 3))
1
What is the value of -97 - -100 - (0 + -6)?
9
What is the value of -3 - (-2 - 5 - (2 + -3))?
3
Calculate 5 + (-4 - (-7 + 9)).
-1
What is (1 - -1) + (-122 - -119)?
-1
What is -5 - (1 + -4 + (-3 - -3))?
-2
What is 4 + (0 - (-2 + 7))?
-1
What is (-2 - (-1 + 6)) + 6 + -1?
-2
What is the value of -2 + 1 + (-5 - -10) + -1?
3
Calculate -1 + 8 + 3 - (13 - 11).
8
What is (-3 - -6) + (1 - (-3 + 3))?
4
Evaluate -1 - (1 - (2 + -4)).
-4
Calculate 24 + -22 + (-2 - (0 + 1)).
-1
What is the value of (1 - -2) + (9 - 9) - 5?
-2
What is the value of 9 - (6 - (6 + -6))?
3
Calculate (19 - 17) + 2 + -8.
-4
Calculate 6 + (-8 - -6) + -3 - 5.
-4
Calculate -2 + 6 + (3 - 4).
3
What is (6 + -2 - 2) + -1?
1
Calculate (3 - -2 - 2) + 2.
5
Calculate 1 + -2 - (-3 - -3) - 7.
-8
Evaluate (-15 - -19) + (1 - 0) + -3.
2
Calculate (-3 - -4) + 1 - 3.
-1
What is -11 - -1 - (-2 - -2) - -6?
-4
What is the value of 7 - (10 + (-12 - -4))?
5
8 - (7 - 3) - 1
3
What is the value of -1 - (12 - (1 + 12))?
0
Calculate 5 + -8 - (-3 + 0).
0
What is 6 - (-4 - -16) - -5?
-1
What is the value of -28 - -28 - (-1 - -1 - 3)?
3
Evaluate -5 + (-1 - 2) + 4.
-4
Evaluate -1 + -3 + (12 - 2).
6
Evaluate 4 + (-1 - -2) + 18 + -27.
-4
What is -4 + 6 + 3 + -6?
-1
Calculate 5 - (-1 + 3 + -5 + 7).
1
What is the value of 83 + -73 + 0 + -12?
-2
Evaluate -3 + (-6 - -2) + 6.
-1
Evaluate -2 - (-4 - -7 - 4 - 10).
9
What is the value of 9 + 2 + -5 + -3?
3
What is -4 - (-7 - (-10 + 5 + 1))?
-1
Evaluate (2 - -1 - 5) + -2 + 8.
4
What is 3 + -5 + 4 - (-1 + 6)?
-3
Calculate (-4 - -6) + -28 + 31.
5
Evaluate -21 + 4 + (13 - 5) + 7.
-2
4 + 4 + -10 + (9 - -2)
9
Calculate 5 - (-2 - -1 - -3).
3
Evaluate (-2 - 3) + 0 + 3.
-2
What is the value of 3 + (-1 - 11) + 16?
7
What is the value of -13 + 24 - 9 - (5 + 1)?
-4
Evaluate -6 + (8 - (12 + -5)) + 0.
-5
What is 205 + -227 - (-11 - 1)?
-10
Evaluate (1 - 5 - 3) + (-4 - -8).
-3
What is the value of (-222 - -220) + 7 + 1?
6
What is (-1 - (1 - 5)) + 3?
6
Calculate -10 + 2 + (10 - -4).
6
Evaluate 1 - -5 - 7 - -2.
1
Evaluate -10 - -6 - (-1 - (5 + -3)).
-1
What is 5 + -5 + 0 - -4?
4
Calculate 1 + -3 + (8 - -2 - 5).
3
-4 - (1 + -1 + -5)
1
Evaluate -4 + (-3 - (-1 + (-3 - -1))).
-4
What is the value of (6 - 3) + (-2 - 2 - 2)?
-3
5 + -1 - (-5 - 0 - -15)
-6
-6 + 12 + 5 + -1 + -5
5
Evaluate 6 - 1 - (38 - 38).
5
Calculate 3 - (2 + -6 + 3 + 1).
3
Calculate 11 - (5 + 4 + 4).
-2
What is 10 - (11 + 0) - (0 - -4)?
-5
What is the value of 1 - 0 - 6 - 0?
-5
What is -1 - (14 + -5 + -7)?
-3
Calculate 4 - 5 - 0 - (-7 - -5).
1
What is 1 - -5 - (-10 - -19 - -1)?
-4
-80 + 78 + (0 - -1) + 4
3
Evaluate (-8 - -3) + 8 + 0.
3
What is 1 + (-7 - -3) + 3?
0
Calculate -3 - (3 + 3 - 15).
6
What is -3 + -1 - (-10 - -14)?
-8
What is the value of -5 - ((-7 - 5) + 6)?
1
What is the value of -4 + 10 + (-5 - (3 - 9))?
7
What is the value of (-1 - -2) + (4 - 5 - -3)?
3
What is 2 + (7 + -27 + 8 - -8)?
-2
What is -5 - 5 - (1 - 13)?
2
What is 2 + -7 + (4 - 1)?
-2
1 - (6 - 5) - -4
4
What is the value of -2 - (0 + -1 - (-8 + 14))?
5
What is -13 + 12 + (2 - 2) + 4?
3
Calculate 3 - 0 - 0 - 5 - 3.
-5
Evaluate (-2 - (-2 + -1)) + 0 + -6.
-5
Calculate 0 + ((0 - -4) + -2 - 4).
-2
Evaluate -7 + (-1 - (5 - 6)) + 0.
-7
Evaluate 1 + (1 - 7) - (299 - 312).
8
What is -7 + 16 + 2 + -7?
4
Calculate 8 + (-6 - 2 - -4) + -8.
-4
Evaluate 20 + -8 + -6 - 2.
4
What is the value of -2 - -2 - (-6 + -1)?
7
Evaluate -2 - (-1 - -13) - -11.
-3
Calculate (-1 - -2) + (-17 - -15).
-1
Calculate 13 + -11 + (-5 + 8 - 13).
-8
Evaluate (16 - 22) + 10 + 0.
4
Calculate -5 + (-6 - -7 - -1).
-3
Evaluate (-15 - -14) + 5 - (7 - -1).
-4
Calculate 15 + (-10 - (4 + -4)).
5
What is the value of 52 + -52 - (-1 + 5)?
-4
Evaluate 3 + (2 - 3) - (1 + 1).
0
What is -2 + (5 - (7 + 1))?
-5
What is 3 + -3 + -1 + 4?
3
Calculate 0 - 0 - -8 - 3.
5
Calculate -4 + (0 - (-3 - 2)).
1
Evaluate -4 + (1 - 10 - -19).
6
What is the value of 7 + -4 + 2 + -7?
-2
What is the value of 6 + -3 + -6 + 18 + -22?
-7
Calculate 0 + 7 + (1 - 4) + 1.
5
What is 3 - (-5 + (8 - -2)) - -2?
0
What is the value of -2 - (0 - 0 - -7)?
-9
Evaluate -8 - (0 + -8 + (4 - -3)).
-7
Calculate 0 + (-5 - (-10 - 1)) + -2.
4
Calculate 0 + 0 + -2 + (-3 - -1).
-4
Calculate (-8 - 2) + (49 - 42).
-3
What is the value of -5 - (-6 + (6 - 6))?
1
Evaluate (-2 + -1 - -4) + (-3 - 0).
-2
2 - (-2 + 3) - 2 - 3
-4
3 - (10 + -6) - (4 - -1)
-6
Evaluate (4 - 11) + (-2 - (9 + -14)).
-4
What is 0 - (7 - 6) - -1?
0
Evaluate 3 + (8 - 13) + 0 + -1.
-3
What is -6 + 7 + -4 + (3 - 5)?
-5
What is 0 - (1 + 3 + -2) - -1?
-1
What is 3 - (-2 - -2) - (-17 - -24)?
-4
9 - (13 - 7) - 8
-5
Evaluate (-2 - (-5 + -1)) + -4 + 6.
6
Evaluate -1 - (-2 - (2 + 1)).
4
What is the value of 4 + -2 + 3 - (14 + -7)?
-2
Evaluate -3 - -4 - (2 - (-2 - -1)).
-2
Evaluate (-5 - (-7 - -5)) + (3 - 1).
-1
Calculate 4 + -10 + 5 + -9 - -5.
-5
What is the value of 10 + 4 + (-4 - -6 - 9)?
7
What is the value of (-24 - -22) + (1 - 1)?
-2
What is the value of -3 - (6 + 1 - 9)?
-1
Evaluate (0 - -6 - 6) + 5 - 7.
-2
What is the value of 3 - (6 - (-5 - -5))?
-3
Evaluate 4 + -6 - (-2 - -2 - -1).
-3
What is the value of 39 + -37 + -5 + (-2 - -4)?
-1
What is (0 + -3 - -6) + -6?
-3
What is (-1 - 4) + -2 + 4 + 1?
-2
What is the value of (-8 - -17) + 3 + -5?
7
-77 + 81 + 1 + -1
4
Calculate 0 + 5 + (-89 - -93).
9
Calculate (-5 - -1) + (-5 - (9 - 14)).
-4
What is 21 + -17 + -8 + -1?
-5
What is the value of 1 + 3 - ((9 - -1) + -1)?
-5
Evaluate 2 + (-4 - -1) + (1 - -1).
1
What is 2 + (-2 - -2) + -1?
1
What is the value of -1 - ((-3 - (3 - 8)) + -7)?
4
6 + -4 + -4 - (1 + -5)
2
What is the value of (4 + -9 - -2) + 8?
5
What is the value of -10 - (6 - 8) - -13?
5
What is the value of -2 + 4 + (1 - (-3 + 2))?
4
Calculate 5 - (8 - 8) - -1.
6
1 + (-2 + 0 - -3) - -3
5
Evaluate (-3 - 1) + (-12 + 0 - -14).
-2
What is -12 - -29 - 0 - 10?
7
Calculate 4 - ((-1 - 0) + 13) - -2.
-6
Calculate 0 - (1 + -2 - (-8 + 7)).
0
Evaluate 13 - ((9 - 